10) to base 14
17709
Convert 9512 (base 12) to base 7.
65324
Convert 3870 (base 13) to base 6.
101110
Convert -12212 (base 4) to base 15.
-1d2
What is -4240 (base 5) in base 9?
-703
-1210022 (base 3) to base 13
-794
33505 (base 6) to base 7
16523
47313 (base 8) to base 2
100111011001011
-2343 (base 5) to base 12
-250
4ce (base 15) to base 7
3122
What is -283 (base 9) in base 10?
-237
Convert 2546 (base 13) to base 9.
7235
10822 (base 10) to base 15
3317
-94a (base 13) to base 5
-22313
What is -838 (base 10) in base 13?
-4c6
Convert -2110 (base 6) to base 8.
-732
-2245 (base 6) to base 7
-1361
What is 110011100111011 (base 2) in base 3?
1100020210
What is 5613 (base 8) in base 6?
21403
-320 (base 9) to base 7
-522
What is 3546 (base 10) in base 3?
11212100
1432 (base 5) to base 8
362
Convert -6421 (base 12) to base 8.
-25331
What is -c09 (base 15) in base 12?
-1699
424 (base 8) to base 16
114
1222120210 (base 3) to base 9
58523
-1011001 (base 2) to base 14
-65
Convert 6726 (base 13) to base 9.
21666
What is -62332 (base 7) in base 4?
-3232132
1357a (base 12) to base 14
9a58
Convert -8599 (base 12) to base 13.
-689a
Convert -25052 (base 6) to base 10.
-3704
408 (base 12) to base 13
35c
What is 20188 (base 9) in base 4?
3033203
Convert 25511 (base 7) to base 6.
51202
1237 (base 9) to base 13
562
What is -31250 (base 8) in base 12?
-7608
Convert 2d0c (base 16) to base 15.
363c
What is 13551 (base 10) in base 3?
200120220
What is -414 (base 5) in base 12?
-91
Convert 323 (base 5) to base 6.
224
41a (base 12) to base 15
29d
What is -20155 (base 7) in base 9?
-6634
1220102212 (base 3) to base 2
1001001001111011
Convert -256 (base 15) to base 14.
-29d
What is 365 (base 11) in base 10?
434
Convert 851 (base 15) to base 10.
1876
Convert -2251 (base 10) to base 7.
-6364
What is -1110001101110 (base 2) in base 15?
-2253
What is -397 (base 12) in base 13?
-331
-1233411 (base 5) to base 2
-101111010100111
What is 354 (base 15) in base 12?
52a
Convert 10665 (base 10) to base 8.
24651
Convert -a2a6 (base 12) to base 3.
-220021100
Convert -272b (base 13) to base 8.
-12756
Convert 251 (base 7) to base 16.
86
2286 (base 10) to base 7
6444
What is 1111010111 (base 2) in base 7?
2603
What is 15426 (base 9) in base 7?
42525
What is -17aa2 (base 11) in base 3?
-1021200022
Convert 1323 (base 4) to base 11.
102
What is -1b1b (base 14) in base 13?
-231b
-4431 (base 5) to base 9
-754
Convert -230 (base 14) to base 11.
-365
-310526 (base 7) to base 10
-53087
64604 (base 7) to base 8
37314
-122c (base 14) to base 16
-c68
Convert -4676 (base 13) to base 6.
-113455
Convert -180 (base 12) to base 9.
-286
Convert -10733 (base 9) to base 16.
-1bf6
Convert 1000 (base 3) to base 4.
123
What is 1892 (base 10) in base 8?
3544
Convert 22122 (base 3) to base 2.
11101001
Convert 477a (base 16) to base 8.
43572
Convert -3581 (base 13) to base 6.
-54525
What is 13d88 (base 15) in base 13?
2306c
What is -13286 (base 11) in base 13?
-8833
50 (base 16) to base 5
310
Convert 200 (base 14) to base 6.
1452
Convert 690 (base 14) to base 2.
10100010110
425 (base 7) to base 9
258
What is 6637 (base 8) in base 2?
110110011111
What is 120110102 (base 3) in base 2?
10110000000110
What is 61 (base 11) in base 5?
232
-156a (base 14) to base 12
-2262
What is 11211 (base 4) in base 10?
357
-102012101 (base 3) to base 14
-2d92
What is 1022 (base 9) in base 8?
1355
201442 (base 5) to base 7
24641
What is -10111101 (base 2) in base 4?
-2331
What is 422343 (base 6) in base 4?
20113113
What is -11011101111 (base 2) in base 14?
-90b
What is -134b (base 12) in base 4?
-202223
What is -56a (base 11) in base 10?
-681
What is -78 (base 15) in base 16?
-71
Convert -438 (base 11) to base 13.
-315
398a (base 12) to base 3
100000221
Convert -153262 (base 7) to base 5.
-1424413
What is 751 (base 15) in base 7?
4546
122 (base 8) to base 6
214
What is 241100 (base 5) in base 15?
2985
-1303 (base 6) to base 8
-507
What is 462 (base 14) in base 3?
1012020
What is 2201221201 (base 3) in base 16?
d297
-1334 (base 8) to base 14
-3a4
Convert -1111001110001 (base 2) to base 16.
-1e71
What is 1728 (base 14) in base 4?
1000320
What is 5083 (base 14) in base 10?
13835
110011010000100 (base 2) to base 13
bc3a
What is 2041 (base 7) in base 4?
23023
What is -2358 (base 9) in base 8?
-3332
What is 32120 (base 4) in base 6?
4132
What is -112002 (base 3) in base 14?
-1d2
-131201 (base 5) to base 11
-3986
Convert 4311 (base 6) to base 12.
697
What is -18670 (base 11) in base 5?
-1313332
-26696 (base 10) to base 2
-110100001001000
Convert -1304 (base 5) to base 11.
-176
What is 1219d (base 14) in base 15?
d194
-2226 (base 7) to base 3
-1002210
25a (base 13) to base 5
3123
What is -1295 (base 12) in base 3?
-2220212
What is -365a (base 14) in base 16?
-2510
What is 3d89 (base 14) in base 5?
322101
22110 (base 3) to base 4
3210
Convert 3968 (base 13) to base 7.
32621
What is 2042030 (base 5) in base 15?
a12a
-541342 (base 6) to base 3
-2020220222
What is -2211 (base 4) in base 16?
-a5
Convert -2334 (base 7) to base 13.
-510
Convert 82 (base 16) to base 4.
2002
What is -12546 (base 7) in base 4?
-310212
What is -1121 (base 6) in base 10?
-265
33135 (base 8) to base 5
421132
Convert 11011001 (base 2) to base 13.
139
Convert -8040 (base 13) to base 3.
-220011220
Convert 111110010100111 (base 2) to base 5.
2010121
Convert 35162 (base 8) to base 5.
434322
Convert -2031020 (base 4) to base 7.
-35222
Convert -282 (base 14) to base 6.
-2202
What is 111001110011111 (base 2) in base 9?
44537
Convert -224 (base 10) to base 3.
-22022
What is 212211 (base 3) in base 5?
10033
Convert -d7 (base 14) to base 15.
-c9
55236 (base 9) to base 4
20330211
Convert -3072 (base 9) to base 8.
-4314
-281 (base 13) to base 11
-373
Convert a20e (base 15) to base 12.
17972
What is -12012 (base 8) in base 3?
-21001000
What is 9216 (base 10) in base 8?
22000
Convert 17981 (base 11) to base 12.
12668
Convert -1248 (base 11) to base 10.
-1625
What is -3d2 (base 14) in base 2?
-1100000100
272b (base 16) to base 9
14671
What is 1011110101111 (base 2) in base 9?
8276
Convert 1502 (base 6) to base 2.
110001110
Convert 30220 (base 5) to base 2.
11110001111
What is 11003133 (base 4) in base 9?
31353
-20c (base 14) to base 4
-12110
What is -f76 (base 16) in base 8?
-7566
-ae (base 16) to base 14
-c6
-1051 (base 9) to base 13
-478
What is 421241 (base 5) in base 14?
5122
5785 (base 9) to base 14
17c5
What is -ab7 (base 15) in base 7?
-10030
Convert -4414 (base 11) to base 2.
-1011010111111
-38469 (base 10) to base 6
-454033
Convert -ac7e (base 15) to base 12.
-191b5
Convert 10300121 (base 4) to base 8.
46031
Convert 13362 (base 7) to base 11.
27a2
What is -26211 (base 7) in base 13?
-322b
Convert -50a5 (base 12) to base 2.
-10001000111101
-2021011 (base 3) to base 5
-23101
Convert 53410 (base 8) to base 10.
22280
Convert -113212 (base 7) to base 12.
-b934
What is 22740 (base 12) in base 14?
12a88
What is -355 (base 16) in base 2?
-1101010101
What is 341414 (base 5) in base 11?
9109
-20241 (base 5) to base 4
-110221
What is 60030 (base 7) in base 8?
34133
Convert -1361 (base 9) to base 3.
-1102001
4c42 (base 16) to base 2
100110001000010
Convert -402253 (base 6) to base 16.
-7b99
What is 5450 (base 14) in base 8?
34356
Convert -721 (base 9) to base 2.
-1001001010
What is 19158 (base 11) in base 3?
1100202202
-110100000010 (base 2) to base 3
-11120100
What is 120211210 (base 3) in base 6?
125250
Convert -100111111011 (base 2) to base 6.
-15455
What is -255521 (base 6) in base 14?
-86c9
32 (base 6) to base 11
19
-300 (base 5) to base 10
-75
-1701 (base 9) to base 3
-1210001
Convert 12a5 (base 13) to base 12.
1666
2533 (base 15) to base 9
11773
What is 1001111110111111 (base 2) in base 16?
9fbf
-170a (base 11) to base 4
-202030
299 (base 14) to base 6
2235
1000000011 (base 2) to base 13
308
-211002 (base 3) to base 4
-21110
6c5 (base 13) to base 16
497
What is -5c72 (base 14) in base 16?
-3f2c
Convert -2202021 (base 3) to base 9.
-2667
222010 (base 3) to base 5
10310
Convert -120310 (base 4) to base 16.
-634
-4211 (base 10) to base 7
-15164
What is -8970 (base 11) in base 3?
-121012120
Convert 122022 (base 3) to base 14.
255
What is -21b (base 16) in base 10?
-539
Convert 26a1 (